f - b, -5*c - 3*f = -0*c - 29. What are the prime factors of c?
2
Let m(d) = d - 6. Let g be m(4). Let a be -2*(1 - (-3)/g). Let r(o) = 6*o**2 + 2*o - 1. What are the prime factors of r(a)?
7
Let a = -17 + 33. Let x = a - 13. What are the prime factors of x?
3
Let g = 46 + -8. List the prime factors of g.
2, 19
Let o be (-4)/(2 + 6/(-4)). Let g = o - -28. Suppose f - 5*f = -g. List the prime factors of f.
5
Suppose 4*c - 132 = -d - 32, -3*c - d + 74 = 0. What are the prime factors of c?
2, 13
Suppose 0 = 5*d + 6 - 26. Suppose 0*n - d*n = -92. List the prime factors of n.
23
Suppose 2*f = -2*w - 2*w - 28, f = w + 13. Let y be (-20)/(-6)*w/(-6). List the prime factors of ((-18)/(-5))/(2/y).
3
Suppose -3*i = -2*a - 17, 46 - 16 = 5*i - 3*a. Let g = i + -6. List the prime factors of g.
3
Suppose -122 = -5*d - m, 4*d + 2*m = 6*m + 112. What are the prime factors of d?
5
Suppose 0 = a - 12 - 80. Suppose -3*o - o - a = 0. What are the prime factors of (o - 1)*4/(-8)?
2, 3
Suppose -3*d - 172 = -3*s - s, 2*s = 3*d + 92. Suppose -7*m + 3*m = -s. What are the prime factors of m?
2, 5
Let o be 62*1/4*2. Let d = o + -11. List the prime factors of d.
2, 5
Suppose -a + 19 = -0*m - 4*m, a = -3*m + 12. Let p = 10 + a. What are the prime factors of p?
5
Let b(v) be the second derivative of -1/6*v**3 - 2*v + 1/20*v**5 + 1/4*v**4 - 1/2*v**2 + 0. What are the prime factors of b(-3)?
2
Let a(f) = 15*f - 31. What are the prime factors of a(14)?
179
Let y = -15 - -7. Let v = -5 - y. What are the prime factors of v?
3
Suppose -78 + 16 = -b. List the prime factors of b.
2, 31
Let f(m) = m**3 + 9*m**2 + 6*m + 3. What are the prime factors of f(-6)?
3, 5
Suppose 3*a - 81 = 288. List the prime factors of a.
3, 41
Let s(u) = -u. Let y be s(1). Let v(b) = 17*b**2. Let i be v(y). Let z = i - 10. List the prime factors of z.
7
Let h(i) = i + 7. Let l be h(-5). Suppose l*p - 8 = 8. What are the prime factors of p?
2
Let g(h) = h**3 + 3*h**2 + 3. Let q be g(-3). Suppose 6*d - 13 = 4*d - 3*f, -q*d = 3*f - 24. What are the prime factors of d?
11
Let b = 15 + -13. Suppose s - b*s = -7. What are the prime factors of s?
7
Let m = -16 - -22. Suppose -8 = -m*l + 2*l. Suppose -3 = -l*k + 3. List the prime factors of k.
3
Let a = 2 - 0. Let h be 2/(a/15) - 0. Let x = h + -10. What are the prime factors of x?
5
Let g be (-1)/(-1)*(533 - -5). Suppose g - 146 = j - b, j + 4*b = 407. List the prime factors of j/45 - 4/(-18).
3
Let t be 6/4*4/3. Let s be 0/(4 - 4/2). Suppose s*z = -t*z + 14. List the prime factors of z.
7
Let q be 8*(4 + 7/(-2)). What are the prime factors of 1/(q/20)*3?
3, 5
Let g(k) = -k**2 + 9*k + 3. Let w = -1 + 0. Let n be 3 + w - (3 + -9). List the prime factors of g(n).
11
List the prime factors of (-21)/7 + 1 + 18.
2
Let z(y) = 2*y**2 - 2*y - 6. What are the prime factors of z(5)?
2, 17
Let v = 5 - 5. Let s be 0 + -1 - (v - 0). Let w = 1 - s. What are the prime factors of w?
2
Let g be (16/5)/4*5. Let u(x) = x - 4. Let d be u(g). Let o = 2 + d. List the prime factors of o.
2
Let q(g) = -g**3 - 4*g**2 - 5*g - 2. What are the prime factors of q(-5)?
2, 3
Let x(j) = j**3 + 12*j**2 + 27. What are the prime factors of x(-12)?
3
Suppose 0 = -11*t + 9*t + 16. What are the prime factors of t?
2
Let q(a) = a**3 + a + 10. Let x be q(0). Suppose -x = -5*m - 2*c, -5*m + c - 2 = -12. What are the prime factors of m?
2
Let s = 10 + 262. What are the prime factors of s?
2, 17
Let k = 3 - -35. Suppose 2*t = -4*l + k, -2*t + t + 1 = 0. What are the prime factors of l?
3
Suppose -2*a = a. Suppose a*u - 4*u + 36 = -4*i, 5*u = -3*i + 45. What are the prime factors of u?
3
Suppose -6*b + 15 = -b. Suppose b*l = z + 62, 0 = -3*l - 5*z + 73 - 5. List the prime factors of 8/(-3)*l/(-4).
2, 7
Suppose 0 = u - 6*u - 5. List the prime factors of u - -5 - -2 - 1.
5
Suppose 2*n = 6, n + 92 = 5*p - 140. List the prime factors of p.
47
Suppose 0 = -5*n - 3*z + 66, -8 = -n - 0*n + 2*z. Suppose 6*x - 5*x = n. List the prime factors of x.
2, 3
Let c(k) = -k + 6. What are the prime factors of c(-9)?
3, 5
Suppose 5*v - 71 = 4*v. What are the prime factors of v?
71
Let h(d) = -d - 2. Suppose 3*w - 13 = 2*q, -w + 0 = 1. Let f be h(q). Suppose 13 = 3*a + 4, 5*g - 3*a = f. What are the prime factors of g?
3
Suppose g = -g. Let i(s) = s**3 - s + 3. Let h be i(g). What are the prime factors of 4*(h/3 + 0)?
2
Suppose -5*b = -16 + 6. Suppose 18 = 4*k - 5*r, -4*r = 2*k - r + b. Suppose 0 = k*c - 5*c + 36. List the prime factors of c.
2, 3
Let g(p) = -3*p + 2. Let j be g(-2). Let a = j - -10. List the prime factors of a.
2, 3
Let b(l) = -4*l**2 - 7*l + l**2 - 3*l - 3 + 2*l**2. Let x(o) = -o + 1. Let y(g) = b(g) + 2*x(g). What are the prime factors of y(-11)?
2, 5
Let t = 132 + -100. What are the prime factors of t?
2
Suppose 3*s - 5 = 4*s. Let l = 11 + s. List the prime factors of l.
2, 3
Suppose 7*b - 624 - 482 = 0. What are the prime factors of b?
2, 79
Suppose 4*s = -3*g + 244, -3*s = 2*s + 10. List the prime factors of g.
2, 3, 7
Let x(w) = -w + 24. Let r be (-9)/(18/4) - -17. List the prime factors of x(r).
3
Let h(q) = -q**3 + 9*q**2 - 15*q - 11. List the prime factors of h(5).
2, 7
Let o = -14 - -3. Let m = o + 15. Suppose -m*w = -2*r + 24, w = 5*r - 3*w - 42. What are the prime factors of r?
2, 3
Let o(n) = -4*n**3 + 6*n**3 - 4*n**3 + 5 + 6*n**2 + n**3 + 2*n. What are the prime factors of o(6)?
17
Let b(n) = -n - 5*n**3 + 6*n**3 + 4 + 4*n**2 + 3*n + n. What are the prime factors of b(-3)?
2
Let w = -1 + 8. Let y(h) = h**2 - 7*h + 2. List the prime factors of y(w).
2
Suppose 18 = d + d. Suppose -6*m + d = -3*m. What are the prime factors of m?
3
Suppose -4*c = 3*f, -4*c = -f - c + 13. Let w be f/16 + 14/8. Suppose 4*d = w*d + 10. List the prime factors of d.
5
Suppose -5*s - 248 = -4*o, 5*o - 5*s - 323 = -2*s. List the prime factors of o.
67
Let k = 8 + -8. Suppose k = -2*g - b - b + 32, -3*g = -2*b - 63. What are the prime factors of g?
19
Suppose 3*r + 17 = 4*r + 2*a, -5*r + 45 = 2*a. What are the prime factors of r?
7
Suppose -4*q + 601 = 3*n, -3*q + 4*q - 159 = n. List the prime factors of q.
2, 7, 11
Let j = -1 - -1. Suppose 2*q = -j*q. Let d = 8 - q. What are the prime factors of d?
2
Let c = -13 + 29. List the prime factors of c.
2
Let t be 194/6 + (-2)/6. Let n = 53 - t. List the prime factors of n.
3, 7
Suppose 0*c = -c + 34. List the prime factors of c.
2, 17
Suppose -l = -6*l + 170. What are the prime factors of l?
2, 17
Let u(r) = r**3 + 8*r**2 + 5*r - 6. List the prime factors of u(-7).
2
Suppose -25 = v + 4*v. Let y(i) be the third derivative of -i**5/60 - 7*i**4/24 - i**3/3 - i**2. List the prime factors of y(v).
2
Let f(c) = c**2. Let q be f(0). Let w = 4 + q. Suppose -5*u + 65 = 4*r, -8*r - 83 = -w*u - 5*r. What are the prime factors of u?
17
Suppose 3 - 11 = -4*w. Suppose -r = -2*r + 4. Suppose 2*a + 4 = w*k, -k + 2*a + 22 = r*k. List the prime factors of k.
2, 3
Let c(t) = -t**2 - 1. Let h(f) = 2*f**2 + f - 1. Let n(p) = -3*c(p) - h(p). What are the prime factors of n(3)?
2, 5
Let b = 307 - 192. List the prime factors of b.
5, 23
Suppose 4*p - 77 = j - 7, -p - j + 20 = 0. Suppose p = -8*r + 10*r. List the prime factors of r.
3
Let j = -8 + 9. List the prime factors of j/((-2)/(-28))*1.
2, 7
Let b be 4 - (1 + 1) - 21. What are the prime factors of 0 + -1 - (b + 5)?
13
Let c(m) = -m + 5. Let p be c(0). Suppose 5*u - 4*d = 48, 2*d - 23 = -4*u + p. List the prime factors of u.
2
Let x(j) = -j - 4. Let f be x(-8). Suppose -5*w = -p - 3 + f, w = -4*p + 25. List the prime factors of p.
2, 3
Let k = -1 - -4. List the prime factors of 0/(3/k) - -3.
3
What are the prime factors of 2/6 + 980/30?
3, 11
Let r(u) = u**3 + 4*u**2 - 4*u - 2. Let c be r(-5). Let z be (-29)/(-5) - c/35. Let n(l) = -l + 10. What are the prime factors of n(z)?
2
Let b(o) = -o**2 + 7*o - 1. Let m be b(6). Suppose -d + 78 = 4*w - w, m*w - 140 = -5*d. List the prime factors of w.
5
Let u(i) = -7*i**2 + 15. Let g(k) = -3*k**2 + 7. Let b(j) = 9*g(j) - 4*u(j). Let q be (1 - 4/2)*0. List the prime factors of b(q).
3
Suppose -23 = -5*k - 8. List the prime factors of k.
3
Let k = -23 - -38. Suppose a - k = 39. What are the prime factors of a?
2, 3
Suppose 3*f - f = 52. Suppose -5*t - 28 = 4*k - 7*k, 4*t + f = 3*k. Suppose -k - 4 